d - c. What is the units digit of x?
1
Let i(l) = -l**2 - 5*l - 1. Let q be i(-7). Let s = q + 18. Suppose -s*x + 22 = -23. What is the tens digit of x?
1
Let i = 13 + -9. Let z be (-6)/(-10 - 8)*1*39. Let t = z + i. What is the units digit of t?
7
Suppose -7*f - 6895 = -9*f - 5*p, 3*f = -p + 10362. What is the tens digit of f?
5
Suppose -122 = 2*o - 4*w, -o - 46 = w + 9. Let v(r) = -r**2 + 4*r - 2. Let l be v(3). What is the units digit of -12*(l + o/9)?
4
Let l(p) = -p**3 + 5*p**2 + 5*p + 3. Let m be 26/7 - 4/(-14). Let u(r) = 2*r**3 - 6*r**2 - 6*r - 4. Let x(b) = m*u(b) + 5*l(b). What is the units digit of x(1)?
4
Suppose 3*w - 4999 = -3*q + 2*q, 3*w - 4991 = q. What is the hundreds digit of w?
6
Suppose 13*s - 4551 - 5173 = 0. What is the units digit of s?
8
Let r(f) be the second derivative of -5*f**3/3 - 7*f**2/2 - 25*f. What is the units digit of r(-5)?
3
Let w(b) = -b**2 + 5*b - 1. Let n be w(5). Let c(k) = k**3 + 12*k**2 + 21*k + 100. Let a be c(-11). Let m = n - a. What is the units digit of m?
9
Let t = -111 + 572. What is the tens digit of t?
6
Let f(p) = p**2 - 6*p + 38. What is the units digit of f(27)?
5
Let b be 4*2/20 - 4196/(-10). Let z = b + -257. What is the hundreds digit of z?
1
Let m be -28*(-3)/12*1. Suppose 321 = m*r - 169. What is the units digit of r?
0
Suppose 2*p + 3*z + 2 = -0*z, -2*p = -5*z - 30. Suppose p*o + 568 = 9*o. What is the hundreds digit of o?
1
Let r be 52/(-24) + 2 - (-47)/(-6). Let h(o) = 14*o + 14. Let p(z) = 13*z + 13. Let d(u) = 6*h(u) - 7*p(u). What is the tens digit of d(r)?
4
Let y(m) = -m**2 + m + 30. Let g(s) = 1. Let h(c) = 5*g(c) + y(c). Suppose x = -x. What is the units digit of h(x)?
5
Suppose 0 = -3*f + f + 44. Suppose -21 = 2*i + 5*j, -i + 4*j + f = -0. Suppose 4*h - 268 = 4*q, -3*h - i*h - 5*q + 325 = 0. What is the units digit of h?
6
What is the thousands digit of (-1 + 2)*(4 - -5336)/5?
1
Let r(x) = 5 + 2*x + x - 6*x + 0. Let o be r(-7). Suppose -c = c - o. What is the tens digit of c?
1
Let h be -152 + (-3)/15*(-7 - 3). What is the tens digit of ((-24)/(-30))/((-3)/h)?
4
Let b = 18 + -26. Let v = b + 21. What is the tens digit of v?
1
Suppose -14*s - 51291 = -55*s. What is the units digit of s?
1
Suppose -40488 = 236*n - 250*n. What is the thousands digit of n?
2
Suppose 2*c - 2*m - 22 = 0, -37 = -3*c + 6*m - m. Let w = -5 + c. Suppose -2*s + s = -w. What is the units digit of s?
4
Suppose -13*c + 1090 = -8*c. What is the units digit of c?
8
Suppose 5*v - 2*j - 9 = 0, -3 = 36*v - 33*v - 4*j. What is the units digit of v?
3
Let w = -726 + 1704. What is the tens digit of w?
7
Suppose -11*w + 22948 = -4079. What is the units digit of w?
7
Let t be 3/12 - 67/(-4). Suppose -3*d - 27 = 12. Let q = t + d. What is the units digit of q?
4
Let l(o) be the second derivative of -o**4/12 + 23*o**3/6 - 37*o**2/2 + 9*o. What is the tens digit of l(16)?
7
Let q(x) = x**2 + 14*x + 5. Let m be q(-14). Let w(v) = -v**3 + 4*v**2 + 5*v + 5. What is the units digit of w(m)?
5
Let b = 186 + 42. Suppose -4*m + b + 20 = 0. What is the units digit of m?
2
Let c(s) = 613*s + 19. What is the units digit of c(1)?
2
Suppose 3 = -2*v + 9. Suppose v*w = 2*o - 14, -o - 3*w + 14 = 4*o. What is the tens digit of 2/(-4) + 42/o?
1
Suppose g = 4*q - 37, -2*q + 4*g + 31 = q. Suppose -5*d = 3*c + 24, -c + d + 6 = -2*d. What is the tens digit of (-34)/c + 6/q?
1
What is the tens digit of (429/15 + -4)/((-1)/(-45))?
0
Suppose -4 = 3*p + 5. Let f be 4 + (165/p - -3). Let d = f - -91. What is the tens digit of d?
4
Suppose 0 = -58*t + 11*t + 13771. What is the tens digit of t?
9
Suppose 4*k + k - 1 = -z, 57 = -3*z - 3*k. Let b = z + 26. What is the units digit of b?
2
Suppose 2*x - x - 1409 = -2*y, -y + 2*x + 712 = 0. What is the hundreds digit of y?
7
Let u be (-1356)/(-16)*(-8)/(-6). Let r = -64 + u. What is the tens digit of r?
4
Let w(o) = -o**3 - 9*o**2 - 5. Let v be w(-9). Let k = 1 - v. Suppose 3*y = 6 + k. What is the units digit of y?
4
Let d = 67 + -75. What is the units digit of 239 + (1 - 4 - d)?
4
Let s be (-6)/(1 - 98/92). Suppose h = -h + s. Suppose 4*f = 2*f + h. What is the tens digit of f?
2
Let t(n) = -273*n + 848. What is the units digit of t(-5)?
3
Let z(i) = -i**2 + 8*i + 10. Let s = 25 - 15. Let n be z(s). Let l = -9 - n. What is the units digit of l?
1
Let y = -238 - -281. What is the tens digit of y?
4
What is the hundreds digit of (6768/705)/(0 + 2/150)?
7
Let f be -4*15/40*1*-2. Suppose -g - 5*w = -35, w - 2*w - 41 = -f*g. What is the units digit of g?
5
Let h(x) = 83*x - 203. What is the units digit of h(16)?
5
Let z = -7 - -1. Let c = -7 - z. What is the units digit of c/4 + 308/16?
9
Let u(w) be the first derivative of w**3/3 + w**2/2 - 7*w + 3. Let f be u(0). What is the units digit of 8/28 - 54/f?
8
Let a = -12 + 11. Let u = a + 3. What is the units digit of (-1 - (0 - u))*21?
1
Let v be 1/((4 - 6)/(-38)). Let h = v - -33. What is the units digit of h?
2
Suppose -2470 = -7*b + 190. What is the units digit of b?
0
Suppose 3*o - 24 = -3*a - 0*a, 0 = 4*a + 5*o - 35. Suppose c + p - 30 = 0, 0 = a*c + 3*p - 67 - 75. What is the units digit of c?
6
Suppose -5*w - 86 = 3*y + 217, 0 = 2*y + w + 195. Let q = 14 - y. Suppose -4*l = 5*b - 137, 5*b - 5*l - q = -0. What is the tens digit of b?
2
Suppose -5*x - 1760 = 4*v - 8517, -5069 = -3*v - 4*x. What is the tens digit of v?
8
Let f = -38 + 38. Suppose 4*q = -f*q + 3*g + 257, -5*q + 326 = g. What is the units digit of q?
5
Suppose -j + 3*j = -2*d + 1222, 607 = j + 2*d. Let m = -428 + j. What is the tens digit of m?
8
Let i(f) = f**2 - 7*f + 14. Let o be i(7). Let l(n) = -2*n + n**2 - o + n - 2*n. What is the units digit of l(6)?
4
Suppose 0 = -27*c + 2*c + 11550. What is the hundreds digit of c?
4
Let q(k) = -91*k + 19. Let z be q(-9). What is the hundreds digit of z/7 - (-2)/7?
1
Suppose 4*n - 13621 = -14*m + 13*m, 5*m - 3429 = -n. What is the units digit of n?
4
Let x(l) = 2*l**2 + 6*l - 8. Let d be x(-6). Let u = d + -46. What is the units digit of u/99 - 442/(-11)?
0
Suppose 0 = -4*w + 146 + 58. Let m = -28 - w. Let v = m - -137. What is the tens digit of v?
5
Let s = 4854 + -1466. What is the hundreds digit of s?
3
Let r(z) = z**2 - 4*z - 12. Let c be r(6). Suppose -5*f + c*f - 30 = 0. What is the units digit of 2/(-4)*f*15?
5
What is the tens digit of (-5034)/(-4)*12/(-126)*-7?
3
Let r be (6/4)/(3/(-4)). Let o be 14*(-2 + (-5)/r). What is the units digit of (8 - o) + 28/1?
9
Suppose 62*w = 7*w + 156970. What is the hundreds digit of w?
8
Let s = 48 - 44. Suppose 2*m - 320 - 442 = -s*r, -783 = -4*r + 5*m. What is the hundreds digit of r?
1
Suppose 5*u = 11*u - 3894. What is the hundreds digit of u?
6
Suppose 0 = -2*n - 5*d + 6*d + 692, -3*d - 1380 = -4*n. What is the tens digit of n?
4
Let b(h) be the second derivative of 112*h**3/3 - h**2/2 + h + 1. What is the units digit of b(1)?
3
Suppose -15*q - 356 = -19*q. What is the tens digit of q?
8
Let v be (-4)/(-16) + 262/8. Suppose -3*g - 7 = -0*g - 5*k, -3*g = 3*k - v. Suppose -2*d - h + 19 = 0, -g*d = -d + h - 40. What is the units digit of d?
7
Let j(y) = y**2 + 3*y - 2. Let r be 165/22 + (-2)/4. What is the tens digit of j(r)?
6
Suppose -b + 3*b - 20 = 0. Let p be (-17)/4 + b/40. What is the units digit of -12*(p/(-8) + -3)?
0
Suppose -1690 = -2*w - 2*y - 332, 2*y = -w + 681. What is the tens digit of w?
7
Let u(n) be the second derivative of n**3/3 - 6*n**2 - 2*n. Suppose 3*i = -z - 2*i + 5, 2*i = -z + 8. What is the units digit of u(z)?
8
Let q(d) = d**2 + d - 1. Suppose 3*j + 0*j = -5*m - 22, -18 = 5*m + 2*j. What is the units digit of q(m)?
1
Let c = 6 - 4. Suppose -5*l + 31 = 2*z, -4*l + c*z = -19 + 5. Suppose -l*s + 12 = 4*f, -4*f + 15 = f + 5*s. What is the units digit of f?
3
Suppose 4*y = -6*y + 540. Suppose -p = 4*f - y, 3*f + 1 + 8 = 0. What is the units digit of p?
6
Suppose -3*g = h - 2*h + 6, 0 = 5*g - 3*h + 10. Let k be g/(-8) + (-5)/20. Suppose 3*f = -5*w + 83, f + k = 4*w + 5. What is the units digit of f?
1
Let s = 22 - 20. Let v(p) = 6*p**3 - 2*p - 1. What is the tens digit of v(s)?
4
What is the units digit of (-28 + 0 + 1)/(1/(-42))?
4
Let h(o) be the first derivative of o**5/20 - o**4/8 + o**3/3 + 3*o**2 + 2. Let t(v) be the second derivative of h(v). What is the units d